g?
1
Let v(c) be the first derivative of c**2/2 + 10*c - 34. What is the units digit of v(-8)?
2
Suppose 202*r - 57924 = 184*r. What is the thousands digit of r?
3
What is the hundreds digit of (-1)/((-12)/(-333))*-4?
1
Let p be (9/6)/((-12)/16). What is the tens digit of 2 + (-38*(p - -1) - -3)?
4
Suppose 3*r + 23 = 8, -3*o - r = -790. Suppose 0 = -3*u - g + 152, -3*u - 4*g = 2*u - o. What is the units digit of u?
9
Suppose -p = -4*v, -v = 2*v - 2*p. Suppose 328 = 4*d - 0*d - 3*q, v = 5*d - 2*q - 417. What is the units digit of d?
5
Let i be (-1)/2*-6 - 0. Suppose i*r + 0 = 3, -47 = -g + 3*r. What is the tens digit of g?
5
Suppose -49 - 141 = 5*m. Let n = m - -40. Suppose 0 = -n*k + 3*c + 48, 0 = -4*k + k - 4*c + 106. What is the tens digit of k?
3
Suppose -2*q - i = q - 907, 5*q + 4*i - 1507 = 0. Let r = q + -168. What is the tens digit of r?
3
What is the hundreds digit of ((-28464)/(-80))/((-12)/(-20))?
5
What is the hundreds digit of 601 + (-1)/(95/25 - 4)?
6
Suppose b + 90 = 6*b. What is the tens digit of 6/4 - (-819)/b?
4
What is the units digit of (39102/95)/(12/40)?
2
Let r(c) be the first derivative of -c**3/3 - 7*c**2 - c - 1. Let w be r(-14). What is the tens digit of w/2*-38*1?
1
Suppose 14 = -11*c + 9*c. Let i = -14 + 10. Let a = i - c. What is the units digit of a?
3
Suppose -4*x = 12 - 20. What is the units digit of 177*(-22)/(-42) - x/(-7)?
3
Suppose 15*a = 14454 - 639. What is the units digit of a?
1
Let c(z) = 2*z + 556. What is the units digit of c(24)?
4
Let i = 16 - 10. What is the tens digit of 1194/18 + i/9?
6
Let i(f) = -f**3 + 9*f**2 + 2. Let q be i(9). Suppose -q*h - 92 = -6*h. What is the units digit of h?
3
Suppose -14*w + 3*w = -4686. What is the hundreds digit of w?
4
Let x = -700 + 1160. What is the tens digit of x?
6
Let p(g) = g**2 - 10*g - 10. Let k be p(-6). Let y = k - 20. What is the tens digit of y?
6
Let f(m) = 10*m**3 + m**2 + 1. Let g be f(-1). Let v be 1*(g/(-2) + -4). What is the units digit of (1 + -15)*(v - 2)?
8
Let p(x) = -x**3 - 10*x**2 + 27*x + 13. What is the units digit of p(-13)?
9
Let m = 81 + 67. What is the tens digit of m?
4
Let u be (684/(-15))/((-9)/(-30)). What is the tens digit of (63/84)/((-2)/u)?
5
Let y(h) = -141*h + 5. Let g(z) = -281*z + 10. Let t(x) = 2*g(x) - 5*y(x). What is the units digit of t(1)?
8
Suppose 2*z = -2*y - 1 + 13, 0 = -2*y - 3*z + 11. Let x = -15 - -29. Let l = x - y. What is the units digit of l?
7
Let l = 1106 - -18. What is the thousands digit of l?
1
Suppose -l = -0*l - 35. Suppose 4*g - 3*m - 83 = 0, -77 - 7 = -4*g + 4*m. Let s = l - g. What is the tens digit of s?
1
Let j = 8 - 15. Let l(v) = v**2 + 3*v + 10. What is the units digit of l(j)?
8
Let u(c) = 0 + 7*c - 1 + 13 + 3. What is the tens digit of u(5)?
5
Suppose b + 4*q - 260 = 0, -716 = -2*b + q - 160. What is the tens digit of b?
7
Suppose 2*r = 4*n + 1644, 10 = -n - 4*n. What is the hundreds digit of r?
8
Suppose 0 = -i, -i = -0*m + 5*m - 70. Let s = -5 + m. Let r = 7 + s. What is the units digit of r?
6
Let a(o) = 10*o**2 + 4*o + 8. Let i be a(-6). Suppose 3*m - i = -m - 2*j, 5*m + 3*j = 430. What is the tens digit of m?
8
Suppose -16*l = -23*l + 9821. What is the thousands digit of l?
1
Suppose 31*u - 2284 = 27*u. What is the tens digit of u?
7
Let u be (-2)/(2*(-4)/24). Let r be 8/u - (-1140)/(-45). What is the units digit of ((-106)/4)/(12/r)?
3
Let g(p) = p**2 - 6*p + 9. Suppose 4*l + 30 = 2*y, -y - l + 10 = 2*l. What is the units digit of g(y)?
0
Let o(g) = 17*g + 2. Let m = 24 + -21. What is the units digit of o(m)?
3
Let r = 1175 - -893. What is the tens digit of r?
6
Let c(a) = -a**3 - 10*a**2 - 3*a - 1. Let q be c(-5). Let v = q - -200. What is the tens digit of v?
8
Let y be 4093/9 - 6/(-27). Suppose -2*h + y = 3*h + 2*p, 5*h - 2*p = 435. What is the units digit of h?
9
Let i = -1 + 4. Suppose 5*t - 7*t - 12 = 5*o, -9 = 5*t + 2*o. Let q = i + t. What is the units digit of q?
2
Let r = 6229 - 3493. What is the thousands digit of r?
2
Suppose -5*i + 0*n + 1553 = -n, -1246 = -4*i - n. What is the tens digit of i?
1
Let i(t) = t**2 + t - 2. Let n be i(0). Let y be (n - -9) + (-3 - 1). Suppose q + y = -4*u + 39, 5*q + 5*u = 210. What is the units digit of q?
4
Suppose 0 = 2*v + 3*z - 770, -35 - 1465 = -4*v + 4*z. What is the units digit of v?
9
Let f be 4 - 1 - -3 - 1. Let a(p) = 2*p + f*p**2 + 12*p + 3*p - 21 - 6*p**2. What is the units digit of a(6)?
5
Suppose 3*f - 858 = 363. What is the units digit of f?
7
What is the tens digit of (86 + -84)*(-127)/(-2)?
2
Let k be (-59)/(-3) - (-14)/42. Suppose -63 = -k*w + 17*w. What is the tens digit of w?
2
Let n(o) = o**2 - 2*o - 3. Let i be n(4). Let k(g) = -14*g - 2. Let q(z) = -z. Let r(h) = -2*k(h) + 18*q(h). What is the tens digit of r(i)?
5
Let q = -6 - -26. Let c(h) = 3*h**2 - q - 2*h + 3*h**3 + 20. What is the tens digit of c(2)?
3
Let a(o) = o**2 + 2*o - 7. Suppose -4*c - 3*z = 16, 3*z + 6 = 5*c + 53. What is the units digit of a(c)?
8
Let w be (3/(-9))/((-1)/3). What is the units digit of w/(-4) - 178/(-8)?
2
Let b = 1556 - 1107. What is the units digit of b?
9
Let d = -469 + 705. What is the units digit of d?
6
Let x(c) = 16 + 5*c - 3*c + 11 - c. What is the units digit of x(-22)?
5
Let a(q) = q**2 - 10*q - 1. Let d be a(7). Let c be 652/44 - 4/d. What is the units digit of (-3)/15 + 948/c?
3
Let c(y) be the second derivative of -y**5/20 - y**4/2 - y**2/2 - 5*y. Let i be c(-6). Let g(l) = -30*l + 1. What is the units digit of g(i)?
1
Let o(d) = 97*d**2 - 74*d - 1. What is the tens digit of o(-4)?
4
What is the thousands digit of (528495/(-110))/(-2*(-3)/(-4))?
3
Suppose -1 = -3*s + 5. Let v be s*(1 + 23 + -1). Suppose 0*a - 39 = -2*a - p, 3*a + 4*p = v. What is the units digit of a?
2
Let l(j) = 4*j - 282 + 286 - 2*j. What is the units digit of l(10)?
4
What is the tens digit of -1*((-75069)/81 + (-2)/9)?
2
Let c = 23 - 20. Let j(i) = 3*i - c*i - 127*i**3 + 3 + 126*i**3. What is the units digit of j(-3)?
0
Suppose h + 2*u = 1 - 3, -4*u = 3*h + 2. Suppose h*j - 115 = 137. What is the units digit of j?
6
Let g = 6 + -3. Suppose -g = -3*n + u, n - 3 = -n + u. Suppose -4*v = q - n*q - 37, v + 12 = q. What is the units digit of q?
7
What is the tens digit of 2/((-28)/(-8178)) - (-63)/(-441)?
8
Let h = -788 + 1871. What is the hundreds digit of h?
0
Let z be 3*-6*(-3)/6. Let k = z - 5. Suppose 4*r = -k, -4*h - 2*r + 5 = -3*r. What is the units digit of h?
1
Let p be ((-1)/(-5))/((-11)/(-5665)) - -2. Let d = 80 + p. What is the units digit of d?
5
Let l = 42 - -12. Suppose 3*i = 4*n + 491, 3*i - 425 = -2*n + l. Let v = i + -82. What is the units digit of v?
9
Let a(f) = -f**2 - 11*f - 5. Let j be (-9)/((-3)/12*-4). Let l be a(j). Let z = l - -13. What is the tens digit of z?
2
Suppose 0 = 4*w - 8, 0 = -15*s + 10*s - 2*w + 22264. What is the tens digit of s?
5
Let m(o) = 6*o**2 - 33*o + 8. Let t be m(6). Let r = 149 - t. What is the units digit of r?
3
Let h(w) = 2*w**2 - 3*w - 4. Suppose 0 = -5*p + 2*p + 9. Let t be h(p). Suppose 49 = t*m + 4. What is the units digit of m?
9
Let d(f) = -f**3 + 11*f - 11. Let c be d(7). What is the tens digit of c/(-9) - (-32)/144?
3
Let v(b) = -b**3 - 3*b**2 + 3*b. Let d be v(-4). Suppose 0 = -m - 1 + d. What is the units digit of 2/(m/108*3)?
4
Suppose -r + 5*r = 4. What is the tens digit of (r - 0)/((-3)/(-219))?
7
Let u = 442 - 200. Let d be (-4)/(-6) - (-518)/(-3). Let f = d + u. What is the tens digit of f?
7
Let t(p) = -p**2 + 12*p - 20. Let q be t(10). Suppose q = 4*s - 72 - 156. What is the units digit of s?
7
Suppose -36 = -2*c + 50. Suppose 0 = -r + c + 2. What is the tens digit of r?
4
Let k(n) = -92*n**2 - 4*n - 5. Let m(b) = b**3 + 11*b**2 - b - 13. Let g be m(-11). Let q be k(g). What is the tens digit of 1/(-4 - 1465/q)?
7
Suppose 28*z - 23*z - 18675 = -3*h, 5*z - 3*h - 18645 = 0. What is the units digit of z?
2
What is the units digit of (-28)/(-8) + -2 + (-6804)/(-8)?
2
Suppose 78*t - 62*t - 15264 = 0. What is the tens digit of t?
5
Let u be -3 - ((0 - 10) + 6 + -5). Let p(t) be the first derivative of t**4/4 - 5*t**3/3 + 7*t**2/2 - 5*t + 1. What is the tens digit of p(u)?
7
Let h(v) = -v**3 + 9*v**2 + 15*v + 11. What is the hundreds digit of h(6)?
2
Suppose 0 = p - 5*l - 7, 2*p = p - 3*l 